2*k + 2928, -14*k + 11*k = -12. What are the prime factors of d?
2, 5, 73
Let j = 62 + -254. Let k = 302 + j. List the prime factors of k.
2, 5, 11
Suppose 10*i = 7279 + 671. What are the prime factors of i?
3, 5, 53
Suppose 0 = 77*m - 83*m + 8310. What are the prime factors of m?
5, 277
Let g(p) = p**2 + 11*p - 7. Let a be g(-12). Suppose 1 = -2*y - 5*o, -5*y - 5 = a*o + 5. Let n(c) = 6*c**2 + 3*c + 4. List the prime factors of n(y).
7
Let v(j) = -j**3 + 6*j**2 - 4*j - 2. Let a be v(5). Suppose -x + a*d = -6*x + 417, -4*x - 4*d + 340 = 0. Let h = x - 57. List the prime factors of h.
2, 3
Suppose -4*n + 2*y + 1108 = 0, -7*n - 5*y + 844 = -4*n. What are the prime factors of n?
2, 139
Suppose 4 = 37*p - 35*p. Suppose -5*t + n = -78, p*n - 47 = -4*t + 21. List the prime factors of t.
2
Let j(m) = m**3 - m**2 + m + 4. Let l be j(0). Suppose 630 = q + l*q. Suppose -4*c + c - 50 = -o, 3*o = c + q. What are the prime factors of o?
41
Suppose 3*y - 524 = 2*b, -b - 4*y + 252 = -2*b. List the prime factors of (-19)/133 - b/14.
19
Let j = 5868 + -3658. What are the prime factors of j?
2, 5, 13, 17
Let r(i) = 2*i**3 + 5*i**2 - 6*i + 2. Let b be r(-5). Let z be b/(-12) + 2/8. What are the prime factors of 3 - ((z - 4) + -42)?
41
Let y(p) = -44*p + 375. List the prime factors of y(-19).
7, 173
Let l(z) = -z**2 - 9*z - 11. Let v be l(5). List the prime factors of (7 - 5) + (0 - v).
83
Let m = 18882 - 13249. What are the prime factors of m?
43, 131
Suppose -10*t + 3*q - 1409 = -15*t, -q - 1117 = -4*t. What are the prime factors of t?
2, 5, 7
Let i = 1125 + 3308. What are the prime factors of i?
11, 13, 31
Suppose 2*t - 8 = 0, 168 = r - 4*t + 37. What are the prime factors of r?
3, 7
Suppose p = 2*p - 5. Suppose 2*w = 3*a - 12, -20 = -a - 4*a + 3*w. Suppose a*r + 12 = -2*k, p*r + 2 = -4*k - 10. List the prime factors of k.
2
Let p(m) = 40*m. Let r be p(2). Let k = -41 + r. What are the prime factors of k?
3, 13
Let n(z) = -183*z + 543. What are the prime factors of n(-20)?
3, 467
Let g(o) = -o**2. Let z be g(0). Suppose z = 2*y + 9 - 3. Let i(n) = -n**3 - 2*n**2 - 3*n - 1. List the prime factors of i(y).
17
Let w(u) = 29*u**2 - u + 4. Let h(d) = -28*d**2 + d - 5. Let n(j) = 6*h(j) + 7*w(j). What are the prime factors of n(-1)?
2, 17
Let a = 49 + 73. Let n(s) = -2*s**2 + 66*s + 73. Let r be n(34). Suppose 2 - a = -r*k. List the prime factors of k.
2, 3
Suppose -4*o + 2*o + 4 = 0. What are the prime factors of o/(-2)*(-6 + 11 - 130)?
5
Let f be 1/3*(-63)/(-7). Suppose -3*s = -f*c - c - 37, 2*c = -8. Suppose -s = d - 20. List the prime factors of d.
13
Let u(x) = -2655*x - 119. What are the prime factors of u(-1)?
2, 317
Suppose -39*k = -7*k - 28096. What are the prime factors of k?
2, 439
Let t = 18 + -15. Let z be 8/12 - (-136)/t. Let k = 3 + z. What are the prime factors of k?
7
What are the prime factors of (-7)/(14/60)*(-19272)/165?
2, 3, 73
Let p be 24/(-3)*(-4)/8. Let y = -9 + 11. Suppose 2*x + 0*m - 20 = -p*m, 5*x - y*m = 86. What are the prime factors of x?
2
Let x(y) = 7*y - 2. Let d be 21/6 - (-7)/14. What are the prime factors of x(d)?
2, 13
Let y = 1049 - 597. List the prime factors of y.
2, 113
Let m = -43 - -57. Let s(g) = 14*g - 50. List the prime factors of s(m).
2, 73
Let f = 34 - 1. Let v = f + -15. List the prime factors of v.
2, 3
Let f(q) = q**3 + 7*q**2 - 17*q - 19. Let c = -24 - -16. What are the prime factors of f(c)?
53
Let k = -75 + 112. Let u = k - -48. Let v = u + -52. List the prime factors of v.
3, 11
Suppose -4 = -w - 2. Let s(n) = -n**2 - 8*n - 13. Let r be s(-5). List the prime factors of (1 - w)*-23 - r.
3, 7
What are the prime factors of 240/42*525/6?
2, 5
Suppose -583 = -3*v + 4*w + 823, -10 = 2*w. What are the prime factors of v?
2, 3, 7, 11
Suppose 8*s + 250 = -2*s. Suppose -5*r = 4*j + 255, 4*r + 2*j = -128 - 82. Let m = s - r. List the prime factors of m.
2, 3, 5
Let z be 4/5*(-75)/(-30). List the prime factors of ((-70)/20)/(z/(-4)).
7
Let c = 3 + 1. Suppose -v - c*v = 20. Let f = v + 7. List the prime factors of f.
3
Let a be (-7)/28 - (-111)/12. Let j(o) = 3*o**2 + a + 5*o - 3*o**2 + o**3 + 9*o**2 - o. List the prime factors of j(-8).
41
Let f = -55 + 31. Let r = -81 - -46. Let m = f - r. What are the prime factors of m?
11
Suppose -26*b + 9272 + 2142 = 0. What are the prime factors of b?
439
Let x be (-7 - -3)/((-2)/(-2)). Let i(m) = -m**2 - m + 7. Let f be i(x). What are the prime factors of 76/5*f/(-2)?
2, 19
Let s = -1 - -25. Suppose -s = -a - 0*a. What are the prime factors of a?
2, 3
Let s be (-30)/165 - (-444)/22. Let b be (285/s)/((-3)/(-16)). Let p = b - 44. What are the prime factors of p?
2
Suppose -p - 3*l = 20, 3*l = -p - p - 31. Let v(o) = -o**3 - 12*o**2 - 16*o. Let q be v(p). Suppose 5*h = -0*h + q. List the prime factors of h.
11
Let b(g) = -35*g**3 + 8*g**2 - 4*g - 32. List the prime factors of b(-4).
2, 3, 7
Let w(p) = 2*p**2 - 9*p - 49. What are the prime factors of w(-15)?
2, 67
Let p(h) = -3*h + 24. Let c(n) = -2*n + 55. Let l be c(24). What are the prime factors of p(l)?
3
Suppose -55*x + 47256 = -22*x. What are the prime factors of x?
2, 179
Suppose 2*r + 5*n - 7 = 16, -2*n + 10 = r. Suppose 0*a = 3*a, -r*a - 452 = -4*z. What are the prime factors of z?
113
Let w = -74 + 89. What are the prime factors of w/6*924/15?
2, 7, 11
Let w(b) = b**3 + 17*b**2 - 2*b - 23. Let u be w(-17). Let o(a) = -a**2 + 16*a - 21. Let s be o(14). Let n = u - s. What are the prime factors of n?
2
Let z(g) = -g**2. Let p be z(-2). Let y = p - -7. Suppose y*c = -c + 52. What are the prime factors of c?
13
Suppose -26 = -5*m + 5*i - 1, -23 = -4*m + 5*i. Suppose -2*x + 286 = 5*v, -2 = 2*v + m. What are the prime factors of x?
2, 37
Let g = -106 + 332. Suppose 0 = -6*q + 4*q + g. List the prime factors of q.
113
Let k = -706 - -1837. List the prime factors of k.
3, 13, 29
Suppose -3*n - 3 = 6. Suppose 311 = -3*a - 0*a - p, -4*a - 393 = -3*p. What are the prime factors of (n + a)/(-3) - -2?
37
Let u(w) = w**2 + 5*w. Let r be (-5)/10 - 4/((-8)/15). List the prime factors of u(r).
2, 3, 7
Suppose -3*h + 37 = -m, -3*h + 41 = -7*m + 2*m. Suppose d + d = h. What are the prime factors of d?
2, 3
Let n = 166 - 46. List the prime factors of n.
2, 3, 5
Suppose -2*g + g - t + 11 = 0, 2*t - 4 = g. Suppose 14 = c - 3*a, -g*a = -a + 20. Let w = 13 - c. What are the prime factors of w?
11
Suppose -63 = -3*j - c, j - 12 - 16 = 2*c. What are the prime factors of (j/(-8) - 2)*-20?
5, 19
Let d(l) = l**3 + 9*l**2 + 6*l + 1. Suppose -4*u - 5*h = -13, -2*h = -u + 2*h + 19. Suppose -u*n = -4*n + 24. List the prime factors of d(n).
17
Let a be (202/4)/((-2)/(-4)). Suppose 0 = -3*h + 7 + a. List the prime factors of h.
2, 3
Suppose 103 + 11 = -6*d. Let k(s) = s**2 + 18*s - 17. List the prime factors of k(d).
2
Let o be 4/24 - (-1403)/6. Let f be (-3)/5 - o/(-65). Suppose -4*y + f*v = -26, v - 2 = -0*v. List the prime factors of y.
2
Let v = -465 + 832. Suppose -3*q = -q + 4*i - 250, -4*i + v = 3*q. List the prime factors of q.
3, 13
Suppose 0 = 25*z + 9*z - 4454. List the prime factors of z.
131
Let q = 1240 - 707. List the prime factors of q.
13, 41
Let m(l) = l**2 - 9*l + 10. Let z = -12 + 22. List the prime factors of m(z).
2, 5
Suppose d + 3*d = 16. Let w(a) = a + 5. Let j be w(d). Let l = j + 8. What are the prime factors of l?
17
Let d be (-56)/(-72) - (-2)/9. Let z be 13 - 12 - (1 - d). Suppose 5 = -2*u + z, 6 = 4*b + u. What are the prime factors of b?
2
Let g(f) = -f + 2. Let x be g(4). Suppose -4*s - s - 20 = 0. List the prime factors of (-22 - (s - x))*-1.
2, 5
Suppose -6*v - 157 - 407 = 0. Let p = 261 + v. What are the prime factors of p?
167
Let j(z) = -z**3 + 3*z + 24. Let c be j(0). Suppose -4*w - w = 0. Suppose w = -4*i + 4*s + c, 5*i - s = -28 + 78. List the prime factors of i.
11
Let y(g) = -g**3 + g**2 + 5*g + 2. Let a be y(3). Let c(x) = -56*x - 1. What are the prime factors of c(a)?
5, 11
Let b be (1/(-3))/(9/(-1377)). Suppose -h + 0*h = -b. List the prime factors of h.
3, 17
Let g(i) = -28*i**3 - i**2 - 7. What are the prime factors of g(-2)?
3, 71
Suppose -3*k = 5*h - h + 159, 0 = -2*k + 6. Let v = 11 - h. What are the prime factors of v?
53
Let f = -5 - -11. Let r(d) = -3*d - 5. Let q(i) = -i - 2. Let l(u) = 7*q(u) - 3*r